*n - q = -858. What is the hundreds digit of n?
2
Let m = -9 - -9. Suppose -3*y + 9*y - 4332 = m. What is the hundreds digit of y?
7
Let u = 126 + -124. What is the tens digit of 466 - (4 + -2) - u?
6
Suppose 140*j = j + 73*j + 1755534. What is the tens digit of j?
9
Let z(v) = -5*v**2 - 24*v + 26. Let b(w) = 4*w**2 + 24*w - 24. Let c(g) = 6*b(g) + 5*z(g). What is the tens digit of c(21)?
4
Suppose -7 = 5*i + 3*n, 0 = -4*n - 13 - 3. Let a(q) = 7*q**2 - q + 2. Let x be a(i). Suppose -x = -3*p + 202. What is the tens digit of p?
7
Let p = 14 + 10. Let y = p - 22. Suppose 82 + 42 = y*r. What is the units digit of r?
2
Let a(i) = 656*i + 13. Let q be a(4). Suppose 0 = -13*n + q + 795. What is the hundreds digit of n?
2
Let r = 6122 - 1584. What is the tens digit of r?
3
Let c = 3721 - -969. What is the units digit of c?
0
Suppose -h = -23*h + 1958. Let l = 202 + h. What is the hundreds digit of l?
2
Suppose 6*p - 9*p - 397540 = -23*p. What is the hundreds digit of p?
8
Let o(c) = c**3 + 14*c**2 + 21*c - 37. Let n be o(-12). What is the hundreds digit of ((-2 - n) + -12)*-38?
4
Suppose -3*w - 200*z + 199*z = -12369, 0 = -5*w - 2*z + 20616. What is the hundreds digit of w?
1
Let a be ((-12)/(-9))/(-4) - 245/(-15). Suppose -a = -5*r + x, 0 = 2*r + 4*x + x - 28. Suppose 0*l = -r*l + 416. What is the tens digit of l?
0
Suppose 8*i - 2*i - 23248 = 38432. What is the ten thousands digit of i?
1
Let i = -126 - -84. Let g = i - -45. Suppose g*f = -5*x + 502, 4*f + 335 = 3*x + 57. What is the units digit of x?
8
Let u(v) be the first derivative of 178*v**3/3 + 21*v**2/2 + 21*v + 102. What is the hundreds digit of u(-1)?
1
Suppose -2*u + 26186 = 4*k, -5*u + 26189 = -3*u + 3*k. Suppose 3698 + u = 33*l. What is the tens digit of l?
0
Suppose -204 = -r + 291. Let d = r + 7. What is the tens digit of d?
0
Let l = -22700 - -25625. What is the thousands digit of l?
2
Let c(v) be the first derivative of 95*v**2/2 + 24*v - 42. What is the units digit of c(4)?
4
Suppose 3*g - 3 = 4*f, -6*g + 13 = f - 4*g. Let i be 2 + 0*f/(-6). Suppose 0 = -5*k - h + 296, i*h = k + 3*h - 60. What is the tens digit of k?
5
Let u(y) = -82*y + 27*y + 13*y**2 - 1 + 22*y + 21*y. What is the hundreds digit of u(6)?
3
Suppose 11*o = -18 + 51. Suppose -91 = -8*x - o. What is the units digit of 409/x + (-18)/99?
7
Let c(x) = 25*x**2 - 42*x + 442. What is the tens digit of c(11)?
0
Let h = 29 - 27. Suppose 9 - 13 = -h*i. What is the tens digit of 2/((-1)/(-107)*2) - i?
0
Suppose 45 = -5*g, 134500 = 23*l - 21*l - 4*g. What is the thousands digit of l?
7
Let c(z) = -z**2 + 16*z - 36. Let a be c(13). Let x(t) = 73*t + 32. What is the hundreds digit of x(a)?
2
Let k = -90 + 164. Let j = k + 46. What is the hundreds digit of j?
1
Let f = -246 - -7343. What is the units digit of f?
7
Let w(q) = -846*q - 1588. What is the tens digit of w(-35)?
2
Let y be (-14236)/(-18) + 13/117. Suppose 794*x - y*x = 3066. What is the hundreds digit of x?
0
Suppose 0*z = 5*z - 25. Suppose b - z = 4. Suppose 0 = -b*i + 611 + 748. What is the units digit of i?
1
Suppose 576*s - 1308285 = 521*s. What is the ten thousands digit of s?
2
Let l(f) = 17*f**2 + 113*f - 383. What is the hundreds digit of l(-37)?
7
Let k(d) = -6*d + 178. Let w be k(52). Let c be ((-142)/(-6))/(3/(-27)). Let l = w - c. What is the units digit of l?
9
Let y(w) = 8*w**3 + 150*w**2 + 63*w + 3. What is the tens digit of y(-18)?
1
Let i(w) = 2*w**3 + 15*w**2 + 9*w - 12. Let n be i(-7). Let f = -19 - n. Suppose f*y - 6*y - 29 = 0. What is the tens digit of y?
2
Suppose 789*z + 549825 = 804*z. What is the units digit of z?
5
Let z be (-886)/3*(-12)/(0 - -4). Let k = z - 498. What is the tens digit of k?
8
Suppose -19545 = 18*l - 33225. What is the units digit of l?
0
Let g be (7 + -1)*(-260)/(-13). Suppose 289 = 2*z + i, 439 = 2*z - 5*i + g. Suppose -3*a = a + 4, 2*l + 5*a - z = 0. What is the tens digit of l?
7
Let j(r) = 5735*r - 254. What is the units digit of j(5)?
1
Suppose 644403 = 79*u - 285125 - 539793. What is the thousands digit of u?
8
Let j be 12866/3 - 4/(-12). Suppose 8*p + j = 11881. What is the hundreds digit of p?
9
Suppose 22 = -o - 5*w + 2, 0 = 4*o - 2*w + 58. Let y be (23 + -2)*(-230)/o. Suppose 2*c - 2*x = 398, 674 = 5*c - 4*x - y. What is the tens digit of c?
0
Suppose -3*z + 62*f = 61*f - 3409, 5*z = f + 5683. Let u = z + -438. What is the units digit of u?
9
Let c(j) = 2*j + 6. Let i be c(-3). Suppose 15 = k - i*k. What is the units digit of -5*-4*51/k?
8
Suppose 5*k = -3*w + 47590 + 27723, -k + 2 = 0. What is the units digit of w?
1
Let j(z) = 30*z + 1240. What is the tens digit of j(81)?
7
Suppose -14 = 20*d - 94. Suppose -10*u + 3396 = -d*u. What is the units digit of u?
6
Suppose -512 = -2*p - 202. Suppose 26*w - 35*w = -531. Let u = p - w. What is the tens digit of u?
9
Let v(b) = b**3 + 6*b**2 + b - 8. Let u be v(-4). Let h(j) = 3*j - j - j**2 - j**2 - u + 3*j**2. What is the units digit of h(-8)?
8
Let b(j) = -13*j**3 + 2*j**2 - 69*j**3 - 4*j - 3*j**2 - 1 - 98*j**3 + 2*j. What is the hundreds digit of b(-1)?
1
Let g be 890 - (3 - (-8 - -6)). Let t = 1501 - g. What is the tens digit of t?
1
Let x = 192 + -178. Suppose 1687 + 2261 = x*f. What is the units digit of f?
2
Let a(f) = 2*f**3 + 4*f**2 - 14*f + 39. Suppose -117 = -2*s - 111. What is the units digit of a(s)?
7
Let k(j) = 1297*j - 5403. What is the thousands digit of k(32)?
6
Suppose -14 = -2*u - 2*w, 0*w = 5*u + 4*w - 32. Let f be 55/u*(5 - 1) + -3. Suppose -3*s = -2*z + 113, 3*z - f = 4*s + 117. What is the units digit of z?
5
Suppose 42*g - 8481 = 30*g - 21*g. Let n(k) = 368*k. Let p be n(1). Let w = p - g. What is the units digit of w?
1
Let n(l) = -2719*l + 7673. What is the ten thousands digit of n(-19)?
5
Let a(k) = -k**3 - 6*k**2 - 7*k - 2. Let n be a(-5). Suppose -2142 = -r - n*r. What is the tens digit of r?
3
Let g = -294 + 644. Let q = g - -333. What is the units digit of q?
3
Let n(z) = -2*z - 8. Let t be n(-5). Suppose t*w - 3*i - 404 = 0, -w = w - 2*i - 404. What is the units digit of w?
2
Let s(k) = -35*k - 85. Let z be s(-4). Suppose -6 = -3*w + 18. Suppose -v + w = -z. What is the tens digit of v?
6
Let a(n) = 1566*n + 2210. What is the units digit of a(27)?
2
Let z(k) = -k**2 - 5*k + 3. Let b be z(5). Suppose j - 8*j + 931 = 0. Let t = j + b. What is the units digit of t?
6
Suppose 21*s - 16*s - 49230 = -13*s. What is the thousands digit of s?
2
Let o(g) = g**2 + 6*g - 27. Let d be o(-10). Suppose d*i + 15*i - 6636 = 0. What is the hundreds digit of i?
2
Suppose -12 = 3*r, -3 = -2*y - 2*r - 11. Suppose -5*b + 1074 + 416 = y. What is the units digit of b?
8
Let a be (-8 - (-330)/42) + 10194/14. Suppose 0 = 14*i - 18*i + a. What is the tens digit of i?
8
Suppose b = -5*z + 3884, 6*z - 5*z = -5*b + 796. What is the hundreds digit of (-7)/((-28)/(-12)) + z?
7
Let c = 463 - -6182. What is the tens digit of c?
4
Suppose -4*n = -2*n + 4, r - 3*n - 762 = 0. What is the tens digit of 2/1 - (1 - r/9)?
8
Suppose 4*g = -g. Suppose g*z + z + 6 = -2*p, 21 = -z - 5*p. Suppose -z*b = 54 - 286. What is the tens digit of b?
5
Suppose 42 - 2 = -3*r - 2*x, -x = 2*r + 25. What is the tens digit of r/35 - (-14517)/21?
9
Let f = 182 - 179. Suppose -4*a = -f*c + 663, -2*c + 8*a + 442 = 3*a. What is the hundreds digit of c?
2
Let j(y) = 8*y**2 + 9*y + 5. Let h be (-6)/4*((4 - 1) + 3). Let b be (5*1/15)/(1/h). What is the units digit of j(b)?
0
Let l(h) = -h**2 + 28*h - 187. Let m be l(17). Suppose -3395 = -12*b + 7*b - 5*k, -2*b + 5*k + 1358 = m. What is the units digit of b?
9
Suppose 4*q - 12328 = -4*f, 3367 = 4*q + 2*f - 8965. What is the units digit of -15 + 8 - q/(-3)?
1
Suppose 5*c + 7*n = 2*n - 10, -4*n + 16 = -4*c. Let g(w) = -25*w + 1. Let q be g(c). Suppose -9*j = -527 - q. What is the tens digit of j?
6
Let x = 317 - 312. Suppose -t + 58 = 3*l - 545, 2*t = -x*l + 1004. What is the hundreds digit of l?
2
What is the thousands digit of -3*18/81*(24 + -113481)?
5
Suppose -46235 = -28*g - 7*g. What is the hundreds digit of g?
3
Let w = -8 - -3. Let q be (-1 - w)/((-12)/96). Let n = 34 + q. What is the units digit of n?
2
What is the tens digit of ((-17440)/128)/((35/(-740))/7)?
6
Suppose -3*q = -2*q - 1921. Suppose q = 3*g + 14*g. What is the hundreds digit of